 when 759 is divided by 374?
11
What is the remainder when 168 is divided by 8?
0
Calculate the remainder when 5633 is divided by 6.
5
What is the remainder when 731 is divided by 697?
34
Calculate the remainder when 611 is divided by 51.
50
What is the remainder when 203 is divided by 102?
101
Calculate the remainder when 253 is divided by 99.
55
What is the remainder when 615 is divided by 40?
15
What is the remainder when 1722 is divided by 210?
42
Calculate the remainder when 886 is divided by 145.
16
Calculate the remainder when 179 is divided by 90.
89
What is the remainder when 1988 is divided by 199?
197
Calculate the remainder when 2218 is divided by 93.
79
What is the remainder when 248 is divided by 16?
8
What is the remainder when 667 is divided by 16?
11
What is the remainder when 556 is divided by 18?
16
Calculate the remainder when 35224 is divided by 25.
24
Calculate the remainder when 1591 is divided by 1575.
16
What is the remainder when 276 is divided by 265?
11
What is the remainder when 1282 is divided by 158?
18
What is the remainder when 62 is divided by 37?
25
What is the remainder when 93 is divided by 48?
45
Calculate the remainder when 24 is divided by 5.
4
Calculate the remainder when 736 is divided by 238.
22
Calculate the remainder when 308 is divided by 92.
32
What is the remainder when 109 is divided by 11?
10
What is the remainder when 95 is divided by 48?
47
Calculate the remainder when 373 is divided by 94.
91
What is the remainder when 255 is divided by 43?
40
Calculate the remainder when 87 is divided by 18.
15
What is the remainder when 3954 is divided by 35?
34
Calculate the remainder when 196 is divided by 12.
4
Calculate the remainder when 70 is divided by 28.
14
Calculate the remainder when 416 is divided by 35.
31
Calculate the remainder when 498 is divided by 86.
68
What is the remainder when 65 is divided by 32?
1
Calculate the remainder when 1019 is divided by 51.
50
What is the remainder when 146 is divided by 97?
49
What is the remainder when 1062 is divided by 287?
201
Calculate the remainder when 6675 is divided by 18.
15
What is the remainder when 422 is divided by 33?
26
Calculate the remainder when 862 is divided by 22.
4
Calculate the remainder when 791 is divided by 115.
101
What is the remainder when 847 is divided by 26?
15
What is the remainder when 1336 is divided by 444?
4
What is the remainder when 93 is divided by 12?
9
Calculate the remainder when 476 is divided by 45.
26
What is the remainder when 798 is divided by 194?
22
Calculate the remainder when 36 is divided by 26.
10
What is the remainder when 283 is divided by 174?
109
What is the remainder when 3798 is divided by 76?
74
Calculate the remainder when 4391 is divided by 491.
463
Calculate the remainder when 218 is divided by 43.
3
What is the remainder when 503 is divided by 50?
3
What is the remainder when 2951 is divided by 72?
71
What is the remainder when 1568 is divided by 88?
72
What is the remainder when 491 is divided by 17?
15
Calculate the remainder when 26 is divided by 19.
7
What is the remainder when 536 is divided by 177?
5
Calculate the remainder when 2152 is divided by 8.
0
Calculate the remainder when 17755 is divided by 43.
39
What is the remainder when 323 is divided by 169?
154
What is the remainder when 213 is divided by 5?
3
What is the remainder when 200 is divided by 22?
2
Calculate the remainder when 728 is divided by 35.
28
Calculate the remainder when 528 is divided by 14.
10
What is the remainder when 12347 is divided by 126?
125
What is the remainder when 1451 is divided by 722?
7
What is the remainder when 240 is divided by 32?
16
Calculate the remainder when 248 is divided by 120.
8
What is the remainder when 188 is divided by 57?
17
What is the remainder when 1901 is divided by 1894?
7
Calculate the remainder when 211 is divided by 106.
105
What is the remainder when 299 is divided by 100?
99
What is the remainder when 880 is divided by 6?
4
What is the remainder when 460 is divided by 11?
9
What is the remainder when 3166 is divided by 122?
116
What is the remainder when 1097 is divided by 20?
17
Calculate the remainder when 3357 is divided by 23.
22
Calculate the remainder when 555 is divided by 9.
6
What is the remainder when 84 is divided by 17?
16
What is the remainder when 339 is divided by 45?
24
Calculate the remainder when 112 is divided by 59.
53
Calculate the remainder when 107 is divided by 2.
1
Calculate the remainder when 1836 is divided by 459.
0
What is the remainder when 245 is divided by 25?
20
What is the remainder when 90 is divided by 31?
28
What is the remainder when 67 is divided by 26?
15
What is the remainder when 834 is divided by 9?
6
What is the remainder when 58 is divided by 32?
26
Calculate the remainder when 294 is divided by 8.
6
What is the remainder when 251 is divided by 7?
6
Calculate the remainder when 285 is divided by 59.
49
Calculate the remainder when 256 is divided by 20.
16
What is the remainder when 113 is divided by 41?
31
What is the remainder when 1846 is divided by 12?
10
Calculate the remainder when 76 is divided by 40.
36
Calculate the remainder when 5 is divided by 5.
0
What is the remainder when 2506 is divided by 44?
42
What is the remainder when 974 is divided by 223?
82
What is the remainder when 6568 is divided by 45?
43
Calculate the remainder when 62 is divided by 49.
13
What is the remainder when 459 is divided by 92?
91
Calculate the remainder when 22 is divided by 3.
1
Calculate the remainder when 498 is divided by 147.
57
What is the remainder when 62 is divided by 62?
0
What is the remainder when 2626 is divided by 860?
46
Calculate the remainder when 147 is divided by 6.
3
What is the remainder when 282 is divided by 82?
36
Calculate the remainder when 121 is divided by 56.
9
What is the remainder when 802 is divided by 117?
100
What is the remainder when 761 is divided by 6?
5
Calculate the remainder when 1519 is divided by 12.
7
Calculate the remainder when 80 is divided by 15.
5
What is the remainder when 3054 is divided by 20?
14
What is the remainder when 3274 is divided by 21?
19
Calculate the remainder when 307 is divided by 26.
21
Calculate the remainder when 418 is divided by 7.
5
What is the remainder when 243 is divided by 62?
57
Calculate the remainder when 476 is divided by 122.
110
What is the remainder when 153 is divided by 32?
25
What is the remainder when 52 is divided by 9?
7
Calculate the remainder when 172 is divided by 73.
26
Calculate the remainder when 404 is divided by 11.
8
Calculate the remainder when 919 is divided by 182.
9
Calculate the remainder when 82 is divided by 56.
26
What is the remainder when 256 is divided by 53?
44
What is the remainder when 1597 is divided by 18?
13
Calculate the remainder when 430 is divided by 64.
46
Calculate the remainder when 111 is divided by 76.
35
Calculate the remainder when 1451 is divided by 90.
11
What is the remainder when 180 is divided by 13?
11
Calculate the remainder when 43 is divided by 17.
9
What is the remainder when 22 is divided by 14?
8
Calculate the remainder when 466 is divided by 4.
2
Calculate the remainder when 1864 is divided by 110.
104
Calculate the remainder when 417 is divided by 29.
11
What is the remainder when 185 is divided by 51?
32
Calculate the remainder when 278 is divided by 66.
14
Calculate the remainder when 950 is divided by 457.
36
Calculate the remainder when 186 is divided by 97.
89
Calculate the remainder when 1813 is divided by 55.
53
Calculate the remainder when 326 is divided by 146.
34
Calculate the remainder when 4 is divided by 3.
1
What is the remainder when 431 is divided by 315?
116
Calculate the remainder when 2293 is divided by 67.
15
Calculate the remainder when 3689 is divided by 14.
7
What is the remainder when 44 is divided by 8?
4
What is the remainder when 1602 is divided by 37?
11
Calculate the remainder when 3471 is divided by 271.
219
Calculate the remainder when 52 is divided by 30.
22
What is the remainder when 529 is divided by 89?
84
Calculate the remainder when 10120 is divided by 3373.
1
What is the remainder when 222 is divided by 57?
51
What is the remainder when 893 is divided by 82?
73
W